{"id":5076,"date":"2022-10-03T18:04:31","date_gmt":"2022-10-03T18:04:31","guid":{"rendered":"https:\/\/iptvsmart.io\/?page_id=5076"},"modified":"2022-10-03T18:10:38","modified_gmt":"2022-10-03T18:10:38","slug":"bedingungen","status":"publish","type":"page","link":"https:\/\/iptvsmart.io\/germany\/bedingungen\/","title":{"rendered":"Terms &amp; Conditions"},"content":{"rendered":"<div data-elementor-type=\"wp-page\" data-elementor-id=\"5076\" class=\"elementor elementor-5076\">\n\t\t\t\t\t\t<section class=\"elementor-section elementor-top-section elementor-element elementor-element-21bdd14 elementor-section-boxed elementor-section-height-default elementor-section-height-default\" data-id=\"21bdd14\" data-element_type=\"section\">\n\t\t\t\t\t\t<div class=\"elementor-container elementor-column-gap-default\">\n\t\t\t\t\t<div class=\"elementor-column elementor-col-100 elementor-top-column elementor-element elementor-element-3e4e30c ot-flex-column-vertical\" data-id=\"3e4e30c\" data-element_type=\"column\">\n\t\t\t<div class=\"elementor-widget-wrap elementor-element-populated\">\n\t\t\t\t\t\t<div class=\"elementor-element elementor-element-eff9495 elementor-widget elementor-widget-text-editor\" data-id=\"eff9495\" data-element_type=\"widget\" data-settings=\"{&quot;htmega_fe&quot;:&quot;no&quot;}\" data-widget_type=\"text-editor.default\">\n\t\t\t\t<div class=\"elementor-widget-container\">\n\t\t\t\t\t\t\t\t\t<div class=\"vc_row wpb_row vc_row-fluid vc_row_visible\" data-vc-full-width=\"true\" data-vc-full-width-init=\"true\"><div class=\"wpb_column vc_column_container vc_col-sm-12 vc_col-md-offset-2 vc_col-md-8 text-left\"><div class=\"vc_column-inner\"><div class=\"wpb_wrapper\"><div id=\"highlighted-text-186707529\" class=\"text-center vc_custom_1605062381350\">\u00a0<\/div><div id=\"1605059889690-c037aae1-864e\" class=\"text-center vc_custom_1605060073408\" style=\"text-align: center;\"><h5 class=\"font-weight-bold text-heading-default\">Bedingungen<\/h5><div class=\"text-text-gray\">\u00a0<\/div><\/div><div class=\"pix-el-text slide-in-container w-100 vc_custom_1633538546883\" style=\"text-align: center;\"><p class=\"text-18 text-body-default\">Durch den Zugriff auf die Website unter <a href=\"https:\/\/iptvsmart.io\/germany\/\">https:\/\/iptvsmart.io<\/a> Sie erkl\u00e4ren sich mit diesen Nutzungsbedingungen und allen geltenden Gesetzen und Vorschriften einverstanden und stimmen zu, dass Sie f\u00fcr die Einhaltung aller geltenden lokalen Gesetze verantwortlich sind. Wenn Sie mit einer dieser Bedingungen nicht einverstanden sind, ist es Ihnen untersagt, diese Website zu nutzen oder darauf zuzugreifen. Die auf dieser Website enthaltenen Materialien sind durch das geltende Urheber- und Markenrecht gesch\u00fctzt.<\/p><\/div><\/div><\/div><\/div><\/div><div class=\"vc_row-full-width vc_clearfix\" style=\"text-align: center;\">\u00a0<\/div><div class=\"vc_row wpb_row vc_row-fluid vc_row_visible vc_custom_1605062476769\" style=\"text-align: center;\" data-vc-full-width=\"true\" data-vc-full-width-init=\"true\"><div class=\"wpb_column vc_column_container vc_col-sm-12 vc_col-md-offset-2 vc_col-md-8 text-left\"><div class=\"vc_column-inner\"><div class=\"wpb_wrapper\"><div id=\"1605060094418-a69389f6-ee86\" class=\"text-center vc_custom_1605060056262\"><div class=\"d-inline-block\">\u00a0<\/div><h5 class=\"font-weight-bold text-heading-default\">Lizenz verwenden<\/h5><div class=\"text-text-gray\">\u00a0<\/div><\/div><div class=\"pix-el-text slide-in-container w-100\"><p class=\"text-18 text-body-default\">Wir verpflichten uns, unsere Gesch\u00e4fte in \u00dcbereinstimmung mit diesen Grunds\u00e4tzen zu f\u00fchren, um sicherzustellen, dass die Vertraulichkeit der pers\u00f6nlichen Daten gesch\u00fctzt und aufrechterhalten wird. PixFort kann diese Datenschutzrichtlinie von Zeit zu Zeit nach eigenem Ermessen \u00e4ndern.<\/p><\/div><div id=\"duo-icon-132831686\" class=\"slide-in-container w-100 vc_custom_1605060975837\"><div class=\"py-2\"><div class=\"pix-feature-list text-20 font-weight-bold secondary-font py-2 d-flex align-items-center\"><div class=\"pix-mr-10 text-primary\">\u00a0<\/div><p><span class=\"text-body-default\">die Materialien zu ver\u00e4ndern oder zu kopieren;<\/span><\/p><\/div><div class=\"pix-feature-list text-20 font-weight-bold secondary-font py-2 d-flex align-items-center\"><div class=\"pix-mr-10 text-primary\">\u00a0<\/div><p><span class=\"text-body-default\">die Materialien f\u00fcr kommerzielle Zwecke zu nutzen;<\/span><\/p><\/div><div class=\"pix-feature-list text-20 font-weight-bold secondary-font py-2 d-flex align-items-center\"><div class=\"pix-mr-10 text-primary\">\u00a0<\/div><p><span class=\"text-body-default\">die Materialien an eine andere Person oder Materialien weitergeben;<\/span><\/p><\/div><div class=\"pix-feature-list text-20 font-weight-bold secondary-font py-2 d-flex align-items-center\"><div class=\"pix-mr-10 text-primary\">\u00a0<\/div><p><span class=\"text-body-default\">zu versuchen, eine Software zu dekompilieren oder zur\u00fcckzuentwickeln;<\/span><\/p><\/div><\/div><\/div><div id=\"duo-icon-39832173\" class=\"slide-in-container w-100 vc_custom_1605060981158\"><div class=\"py-2\"><div class=\"pix-feature-list text-20 font-weight-bold secondary-font py-2 d-flex align-items-center\"><div class=\"pix-mr-10 text-red\">\u00a0<\/div><p><span class=\"text-body-default\">alle Urheberrechts- oder sonstigen Eigentumsvermerke zu entfernen;<\/span><\/p><\/div><div class=\"pix-feature-list text-20 font-weight-bold secondary-font py-2 d-flex align-items-center\"><div class=\"pix-mr-10 text-red\">\u00a0<\/div><p><span class=\"text-body-default\">die Materialien an eine andere Person weitergeben oder \"spiegeln\".<\/span><\/p><\/div><\/div><\/div><\/div><\/div><\/div><\/div><div class=\"vc_row-full-width vc_clearfix\" style=\"text-align: center;\">\u00a0<\/div><div class=\"vc_row wpb_row vc_row-fluid vc_row_visible vc_custom_1605062482321\" style=\"text-align: center;\" data-vc-full-width=\"true\" data-vc-full-width-init=\"true\"><div class=\"wpb_column vc_column_container vc_col-sm-12 vc_col-md-offset-2 vc_col-md-8 text-left\"><div class=\"vc_column-inner\"><div class=\"wpb_wrapper\"><div id=\"1605060389144-5e6c1892-8897\" class=\"text-center vc_custom_1605060448924\"><div class=\"d-inline-block\">\u00a0<\/div><h5 class=\"font-weight-bold text-heading-default\">Haftungsausschluss<\/h5><div class=\"text-text-gray\">\u00a0<\/div><\/div><div class=\"pix-el-text slide-in-container w-100\"><p class=\"text-18 text-body-default\">Die Materialien auf der Website von IPTV SMART werden ohne M\u00e4ngelgew\u00e4hr bereitgestellt. <a href=\"https:\/\/iptvsmart.io\/germany\/\">IPTV SMART<\/a> gibt keine ausdr\u00fccklichen oder stillschweigenden Garantien und lehnt hiermit alle anderen Garantien ab, einschlie\u00dflich, aber nicht beschr\u00e4nkt auf, stillschweigende Garantien oder Bedingungen f\u00fcr die Marktg\u00e4ngigkeit, die Eignung f\u00fcr einen bestimmten Zweck oder die Nichtverletzung von geistigem Eigentum oder anderen Rechtsverletzungen.<\/p><\/div><\/div><\/div><\/div><\/div><div class=\"vc_row-full-width vc_clearfix\" style=\"text-align: center;\">\u00a0<\/div><div class=\"vc_row wpb_row vc_row-fluid vc_row_visible vc_custom_1605062487460\" data-vc-full-width=\"true\" data-vc-full-width-init=\"true\"><div class=\"wpb_column vc_column_container vc_col-sm-12 vc_col-md-offset-2 vc_col-md-8 text-left\"><div class=\"vc_column-inner\"><div class=\"wpb_wrapper\"><div id=\"1605060623213-4f32de0b-37da\" class=\"text-center vc_custom_1605060572439\" style=\"text-align: center;\"><div class=\"d-inline-block\">\u00a0<\/div><h5 class=\"font-weight-bold text-heading-default\">Datenschutzbestimmungen<\/h5><div class=\"text-text-gray\">\u00a0<\/div><\/div><div class=\"pix-el-text slide-in-container w-100\" style=\"text-align: center;\"><p class=\"text-18 text-body-default\">Ihre Privatsph\u00e4re ist uns wichtig.<\/p><p>Es ist die Politik von IPTV SMART, Ihre Privatsph\u00e4re in Bezug auf alle Informationen, die wir w\u00e4hrend des Betriebs unserer Website sammeln, zu respektieren. Dementsprechend haben wir diese Datenschutzrichtlinie entwickelt, damit Sie verstehen, wie wir pers\u00f6nliche Informationen sammeln, verwenden, kommunizieren, offenlegen und anderweitig nutzen. Wir haben unsere Datenschutzpolitik im Folgenden dargelegt.<\/p><\/div><div id=\"1605060550951-75e41462-a7c6\" class=\"media vc_custom_1605060741751\" style=\"text-align: center;\"><div class=\"mr-3 text-primary\">\u00a0<\/div><div class=\"media-body\"><h6 class=\"text-heading-default\">\u00a0<\/h6><div class=\"text-body-default text-18\">Wir sammeln personenbezogene Daten auf rechtm\u00e4\u00dfige und faire Weise und gegebenenfalls mit dem Wissen oder der Zustimmung der betroffenen Person.<\/div><\/div><\/div><div id=\"1605060734582-18728590-48e2\" class=\"media vc_custom_1605060752993\" style=\"text-align: center;\"><div class=\"mr-3 text-primary\">\u00a0<\/div><div class=\"media-body\"><h6 class=\"text-heading-default\">\u00a0<\/h6><div class=\"text-body-default text-18\">Vor oder zum Zeitpunkt der Erhebung personenbezogener Daten geben wir an, zu welchem Zweck die Daten erhoben werden.<\/div><\/div><\/div><div id=\"1605060755602-7a9138c8-a48f\" class=\"media vc_custom_1605060763542\" style=\"text-align: center;\"><div class=\"mr-3 text-primary\">\u00a0<\/div><div class=\"media-body\"><h6 class=\"text-heading-default\">\u00a0<\/h6><div class=\"text-body-default text-18\">Wir erheben und verwenden personenbezogene Daten ausschlie\u00dflich zur Erf\u00fcllung der von uns angegebenen Zwecke und f\u00fcr andere Nebenzwecke, es sei denn, wir holen die Zustimmung der betroffenen Person ein oder sind gesetzlich dazu verpflichtet.<\/div><\/div><\/div><div id=\"1605060766296-4e17b93b-d498\" class=\"media vc_custom_1605060773267\" style=\"text-align: center;\"><div class=\"mr-3 text-primary\">\u00a0<\/div><div class=\"media-body\"><h6 class=\"text-heading-default\">\u00a0<\/h6><div class=\"text-body-default text-18\">Personenbezogene Daten sollten f\u00fcr die Zwecke, f\u00fcr die sie verwendet werden sollen, relevant sein und, soweit f\u00fcr diese Zwecke erforderlich, richtig, vollst\u00e4ndig und aktuell sein.<\/div><\/div><\/div><div id=\"1605060777810-28e43e87-5426\" class=\"media vc_custom_1605060782290\" style=\"text-align: center;\"><div class=\"mr-3 text-primary\">\u00a0<\/div><div class=\"media-body\"><h6 class=\"text-heading-default\">\u00a0<\/h6><div class=\"text-body-default text-18\">Wir sch\u00fctzen personenbezogene Daten durch angemessene Sicherheitsvorkehrungen gegen Verlust oder Diebstahl sowie gegen unbefugten Zugriff, Offenlegung, Kopieren, Verwendung oder \u00c4nderung.<\/div><\/div><\/div><div id=\"1605060788645-350b7965-ef77\" class=\"media vc_custom_1605060801689\" style=\"text-align: center;\"><div class=\"mr-3 text-primary\">\u00a0<\/div><div class=\"media-body\"><h6 class=\"text-heading-default\">\u00a0<\/h6><div class=\"text-body-default text-18\">Wir werden personenbezogene Daten nur so lange aufbewahren, wie es f\u00fcr die Erf\u00fcllung dieser Zwecke erforderlich ist.<\/div><\/div><\/div><div class=\"pix-el-text slide-in-container w-100 vc_custom_1636064533312\"><p class=\"text-18 text-body-default\" style=\"text-align: center;\">Wir verpflichten uns, unsere Gesch\u00e4fte in \u00dcbereinstimmung mit diesen Grunds\u00e4tzen zu f\u00fchren, um sicherzustellen, dass die Vertraulichkeit der pers\u00f6nlichen Daten gesch\u00fctzt und gewahrt wird. IPTV SMART kann diese Datenschutzrichtlinie von Zeit zu Zeit nach eigenem Ermessen \u00e4ndern.<\/p><\/div><\/div><\/div><\/div><\/div>\t\t\t\t\t\t\t\t<\/div>\n\t\t\t\t<\/div>\n\t\t\t\t\t<\/div>\n\t\t<\/div>\n\t\t\t\t\t<\/div>\n\t\t<\/section>\n\t\t\t\t<\/div>","protected":false},"excerpt":{"rendered":"<p>\u00a0 Terms \u00a0 By accessing the website at https:\/\/iptvsmart.io you are agreeing to be bound by these terms of service, all applicable laws and regulations, and agree that you are responsible for compliance with any applicable local laws. If you do not agree with any of these terms, you are prohibited from using or accessing [&hellip;]<\/p>","protected":false},"author":1,"featured_media":0,"parent":0,"menu_order":0,"comment_status":"closed","ping_status":"closed","template":"","meta":{"footnotes":""},"class_list":["post-5076","page","type-page","status-publish","hentry"],"yoast_head":"<!-- This site is optimized with the Yoast SEO Premium plugin v26.4 (Yoast SEO v26.4) - https:\/\/yoast.com\/wordpress\/plugins\/seo\/ -->\n<title>IPTV SMART | Best IPTV International Provider<\/title>\n<meta name=\"description\" content=\"Try the best IPTV experience! +20000 TV &amp; +45000 VOD. Fast and stable | IPTV SMART | 24h free IPTV trial | Watch now on any device!\" \/>\n<meta name=\"robots\" content=\"index, follow, max-snippet:-1, max-image-preview:large, max-video-preview:-1\" \/>\n<link rel=\"canonical\" href=\"https:\/\/iptvsmart.io\/germany\/bedingungen\/\" \/>\n<meta property=\"og:locale\" content=\"de_DE\" \/>\n<meta property=\"og:type\" content=\"article\" \/>\n<meta property=\"og:title\" content=\"IPTV SMART\" \/>\n<meta property=\"og:description\" content=\"Try the best IPTV experience! +20000 TV &amp; +45000 VOD. Fast and stable | IPTV SMART | 24h free IPTV trial | Watch now on any device!\" \/>\n<meta property=\"og:url\" content=\"https:\/\/iptvsmart.io\/germany\/bedingungen\/\" \/>\n<meta property=\"og:site_name\" content=\"IPTV SMART\" \/>\n<meta property=\"article:modified_time\" content=\"2022-10-03T18:10:38+00:00\" \/>\n<meta property=\"og:image\" content=\"https:\/\/iptvsmart.io\/wp-content\/uploads\/2022\/09\/iptv-smart.png\" \/>\n\t<meta property=\"og:image:width\" content=\"1912\" \/>\n\t<meta property=\"og:image:height\" content=\"1364\" \/>\n\t<meta property=\"og:image:type\" content=\"image\/png\" \/>\n<meta name=\"twitter:card\" content=\"summary_large_image\" \/>\n<meta name=\"twitter:label1\" content=\"Gesch\u00e4tzte Lesezeit\" \/>\n\t<meta name=\"twitter:data1\" content=\"2\u00a0Minuten\" \/>\n<script type=\"application\/ld+json\" class=\"yoast-schema-graph\">{\"@context\":\"https:\/\/schema.org\",\"@graph\":[{\"@type\":\"WebPage\",\"@id\":\"https:\/\/iptvsmart.io\/terms-conditions\/\",\"url\":\"https:\/\/iptvsmart.io\/terms-conditions\/\",\"name\":\"IPTV SMART | Best IPTV International Provider\",\"isPartOf\":{\"@id\":\"https:\/\/iptvsmart.io\/#website\"},\"datePublished\":\"2022-10-03T18:04:31+00:00\",\"dateModified\":\"2022-10-03T18:10:38+00:00\",\"description\":\"Try the best IPTV experience! +20000 TV & +45000 VOD. Fast and stable | IPTV SMART | 24h free IPTV trial | Watch now on any device!\",\"breadcrumb\":{\"@id\":\"https:\/\/iptvsmart.io\/terms-conditions\/#breadcrumb\"},\"inLanguage\":\"de\",\"potentialAction\":[{\"@type\":\"ReadAction\",\"target\":[\"https:\/\/iptvsmart.io\/terms-conditions\/\"]}]},{\"@type\":\"BreadcrumbList\",\"@id\":\"https:\/\/iptvsmart.io\/terms-conditions\/#breadcrumb\",\"itemListElement\":[{\"@type\":\"ListItem\",\"position\":1,\"name\":\"Home\",\"item\":\"https:\/\/iptvsmart.io\/official-iptv\/\"},{\"@type\":\"ListItem\",\"position\":2,\"name\":\"Terms &#038; Conditions\"}]},{\"@type\":\"WebSite\",\"@id\":\"https:\/\/iptvsmart.io\/#website\",\"url\":\"https:\/\/iptvsmart.io\/\",\"name\":\"IPTV SMART\",\"description\":\"Best IPTV International provider\",\"publisher\":{\"@id\":\"https:\/\/iptvsmart.io\/#organization\"},\"potentialAction\":[{\"@type\":\"SearchAction\",\"target\":{\"@type\":\"EntryPoint\",\"urlTemplate\":\"https:\/\/iptvsmart.io\/?s={search_term_string}\"},\"query-input\":{\"@type\":\"PropertyValueSpecification\",\"valueRequired\":true,\"valueName\":\"search_term_string\"}}],\"inLanguage\":\"de\"},{\"@type\":\"Organization\",\"@id\":\"https:\/\/iptvsmart.io\/#organization\",\"name\":\"IPTV SMART\",\"alternateName\":\"Best IPTV provider\",\"url\":\"https:\/\/iptvsmart.io\/\",\"logo\":{\"@type\":\"ImageObject\",\"inLanguage\":\"de\",\"@id\":\"https:\/\/iptvsmart.io\/#\/schema\/logo\/image\/\",\"url\":\"https:\/\/iptvsmart.io\/wp-content\/uploads\/2022\/09\/iptv-smart.png\",\"contentUrl\":\"https:\/\/iptvsmart.io\/wp-content\/uploads\/2022\/09\/iptv-smart.png\",\"width\":1912,\"height\":1364,\"caption\":\"IPTV SMART\"},\"image\":{\"@id\":\"https:\/\/iptvsmart.io\/#\/schema\/logo\/image\/\"},\"description\":\"IPTV Smart is a premier provider of reliable and affordable IPTV services, offering access to over 40,000 live TV channels and 100,000+ movies and shows. Our platform features HD streaming, advanced AntiFreeze technology, and compatibility with all devices, including smart TVs, smartphones, and PCs. With 99.9% uptime and 24\/7 customer support, we deliver a seamless, global entertainment experience. Choose IPTV Smart for flexible plans, premium content, and the freedom to watch your favorite shows anytime, anywhere!\",\"email\":\"contact@iptvsmart.io\",\"legalName\":\"IPTV SMART\",\"foundingDate\":\"2010-08-02\",\"numberOfEmployees\":{\"@type\":\"QuantitativeValue\",\"minValue\":\"11\",\"maxValue\":\"50\"},\"publishingPrinciples\":\"https:\/\/iptvsmart.io\/refund-policy\/\",\"actionableFeedbackPolicy\":\"https:\/\/iptvsmart.io\/terms-conditions\/\"}]}<\/script>\n<!-- \/ Yoast SEO Premium plugin. -->","yoast_head_json":{"title":"IPTV SMART | Bester internationaler IPTV-Anbieter","description":"Probieren Sie das beste IPTV-Erlebnis! +20K TV &amp; +45K VOD. Schnell und stabil | IPTV SMART | Bestes IPTV 2025 | Bester Deutschland IPTV Service.","robots":{"index":"index","follow":"follow","max-snippet":"max-snippet:-1","max-image-preview":"max-image-preview:large","max-video-preview":"max-video-preview:-1"},"canonical":"https:\/\/iptvsmart.io\/germany\/bedingungen\/","og_locale":"de_DE","og_type":"article","og_title":"IPTV SMART","og_description":"Try the best IPTV experience! +20000 TV & +45000 VOD. Fast and stable | IPTV SMART | 24h free IPTV trial | Watch now on any device!","og_url":"https:\/\/iptvsmart.io\/germany\/bedingungen\/","og_site_name":"IPTV SMART","article_modified_time":"2022-10-03T18:10:38+00:00","og_image":[{"width":1912,"height":1364,"url":"https:\/\/iptvsmart.io\/wp-content\/uploads\/2022\/09\/iptv-smart.png","type":"image\/png"}],"twitter_card":"summary_large_image","twitter_misc":{"Gesch\u00e4tzte Lesezeit":"2\u00a0Minuten"},"schema":{"@context":"https:\/\/schema.org","@graph":[{"@type":"WebPage","@id":"https:\/\/iptvsmart.io\/terms-conditions\/","url":"https:\/\/iptvsmart.io\/terms-conditions\/","name":"IPTV SMART | Bester internationaler IPTV-Anbieter","isPartOf":{"@id":"https:\/\/iptvsmart.io\/#website"},"datePublished":"2022-10-03T18:04:31+00:00","dateModified":"2022-10-03T18:10:38+00:00","description":"Probieren Sie das beste IPTV-Erlebnis! +20K TV &amp; +45K VOD. Schnell und stabil | IPTV SMART | Bestes IPTV 2025 | Bester Deutschland IPTV Service.","breadcrumb":{"@id":"https:\/\/iptvsmart.io\/terms-conditions\/#breadcrumb"},"inLanguage":"de","potentialAction":[{"@type":"ReadAction","target":["https:\/\/iptvsmart.io\/terms-conditions\/"]}]},{"@type":"BreadcrumbList","@id":"https:\/\/iptvsmart.io\/terms-conditions\/#breadcrumb","itemListElement":[{"@type":"ListItem","position":1,"name":"Home","item":"https:\/\/iptvsmart.io\/official-iptv\/"},{"@type":"ListItem","position":2,"name":"Terms &#038; Conditions"}]},{"@type":"WebSite","@id":"https:\/\/iptvsmart.io\/#website","url":"https:\/\/iptvsmart.io\/","name":"IPTV SMART","description":"Bester internationaler IPTV-Anbieter","publisher":{"@id":"https:\/\/iptvsmart.io\/#organization"},"potentialAction":[{"@type":"SearchAction","target":{"@type":"EntryPoint","urlTemplate":"https:\/\/iptvsmart.io\/?s={search_term_string}"},"query-input":{"@type":"PropertyValueSpecification","valueRequired":true,"valueName":"search_term_string"}}],"inLanguage":"de"},{"@type":"Organization","@id":"https:\/\/iptvsmart.io\/#organization","name":"IPTV SMART","alternateName":"Best IPTV provider","url":"https:\/\/iptvsmart.io\/","logo":{"@type":"ImageObject","inLanguage":"de","@id":"https:\/\/iptvsmart.io\/#\/schema\/logo\/image\/","url":"https:\/\/iptvsmart.io\/wp-content\/uploads\/2022\/09\/iptv-smart.png","contentUrl":"https:\/\/iptvsmart.io\/wp-content\/uploads\/2022\/09\/iptv-smart.png","width":1912,"height":1364,"caption":"IPTV SMART"},"image":{"@id":"https:\/\/iptvsmart.io\/#\/schema\/logo\/image\/"},"description":"IPTV Smart ist ein f\u00fchrender Anbieter von zuverl\u00e4ssigen und erschwinglichen IPTV-Diensten und bietet Zugang zu \u00fcber 40.000 Live-TV-Kan\u00e4len und mehr als 100.000 Filmen und Serien. Unsere Plattform bietet HD-Streaming, fortschrittliche AntiFreeze-Technologie und Kompatibilit\u00e4t mit allen Ger\u00e4ten, einschlie\u00dflich Smart-TVs, Smartphones und PCs. Mit einer Betriebszeit von 99,9% und einem 24\/7-Kundensupport bieten wir ein nahtloses, globales Unterhaltungserlebnis. W\u00e4hlen Sie IPTV Smart f\u00fcr flexible Tarife, Premium-Inhalte und die Freiheit, Ihre Lieblingssendungen jederzeit und \u00fcberall zu sehen!","email":"contact@iptvsmart.io","legalName":"IPTV SMART","foundingDate":"2010-08-02","numberOfEmployees":{"@type":"QuantitativeValue","minValue":"11","maxValue":"50"},"publishingPrinciples":"https:\/\/iptvsmart.io\/refund-policy\/","actionableFeedbackPolicy":"https:\/\/iptvsmart.io\/terms-conditions\/"}]}},"_links":{"self":[{"href":"https:\/\/iptvsmart.io\/germany\/wp-json\/wp\/v2\/pages\/5076","targetHints":{"allow":["GET"]}}],"collection":[{"href":"https:\/\/iptvsmart.io\/germany\/wp-json\/wp\/v2\/pages"}],"about":[{"href":"https:\/\/iptvsmart.io\/germany\/wp-json\/wp\/v2\/types\/page"}],"author":[{"embeddable":true,"href":"https:\/\/iptvsmart.io\/germany\/wp-json\/wp\/v2\/users\/1"}],"replies":[{"embeddable":true,"href":"https:\/\/iptvsmart.io\/germany\/wp-json\/wp\/v2\/comments?post=5076"}],"version-history":[{"count":0,"href":"https:\/\/iptvsmart.io\/germany\/wp-json\/wp\/v2\/pages\/5076\/revisions"}],"wp:attachment":[{"href":"https:\/\/iptvsmart.io\/germany\/wp-json\/wp\/v2\/media?parent=5076"}],"curies":[{"name":"wp","href":"https:\/\/api.w.org\/{rel}","templated":true}]}}