{"id":5076,"date":"2022-10-03T18:04:31","date_gmt":"2022-10-03T18:04:31","guid":{"rendered":"https:\/\/iptvsmart.io\/?page_id=5076"},"modified":"2022-10-03T18:10:38","modified_gmt":"2022-10-03T18:10:38","slug":"conditions-generales","status":"publish","type":"page","link":"https:\/\/iptvsmart.io\/iptv-france\/conditions-generales\/","title":{"rendered":"Terms &amp; Conditions"},"content":{"rendered":"<div data-elementor-type=\"wp-page\" data-elementor-id=\"5076\" class=\"elementor elementor-5076\">\n\t\t\t\t\t\t<section class=\"elementor-section elementor-top-section elementor-element elementor-element-21bdd14 elementor-section-boxed elementor-section-height-default elementor-section-height-default\" data-id=\"21bdd14\" data-element_type=\"section\">\n\t\t\t\t\t\t<div class=\"elementor-container elementor-column-gap-default\">\n\t\t\t\t\t<div class=\"elementor-column elementor-col-100 elementor-top-column elementor-element elementor-element-3e4e30c ot-flex-column-vertical\" data-id=\"3e4e30c\" data-element_type=\"column\">\n\t\t\t<div class=\"elementor-widget-wrap elementor-element-populated\">\n\t\t\t\t\t\t<div class=\"elementor-element elementor-element-eff9495 elementor-widget elementor-widget-text-editor\" data-id=\"eff9495\" data-element_type=\"widget\" data-settings=\"{&quot;htmega_fe&quot;:&quot;no&quot;}\" data-widget_type=\"text-editor.default\">\n\t\t\t\t<div class=\"elementor-widget-container\">\n\t\t\t\t\t\t\t\t\t<div class=\"vc_row wpb_row vc_row-fluid vc_row_visible\" data-vc-full-width=\"true\" data-vc-full-width-init=\"true\"><div class=\"wpb_column vc_column_container vc_col-sm-12 vc_col-md-offset-2 vc_col-md-8 text-left\"><div class=\"vc_column-inner\"><div class=\"wpb_wrapper\"><div id=\"highlighted-text-186707529\" class=\"text-center vc_custom_1605062381350\">\u00a0<\/div><div id=\"1605059889690-c037aae1-864e\" class=\"text-center vc_custom_1605060073408\" style=\"text-align: center;\"><h5 class=\"font-weight-bold text-heading-default\">Conditions<\/h5><div class=\"text-text-gray\">\u00a0<\/div><\/div><div class=\"pix-el-text slide-in-container w-100 vc_custom_1633538546883\" style=\"text-align: center;\"><p class=\"text-18 text-body-default\">En acc\u00e9dant au site web \u00e0 l'adresse suivante <a href=\"https:\/\/iptvsmart.io\/iptv-france\/\">https:\/\/iptvsmart.io<\/a> vous acceptez d'\u00eatre li\u00e9 par les pr\u00e9sentes conditions de service, par toutes les lois et r\u00e9glementations applicables, et vous acceptez d'\u00eatre responsable du respect de toutes les lois locales applicables. Si vous n'acceptez pas l'une de ces conditions, il vous est interdit d'utiliser ce site ou d'y acc\u00e9der. Le mat\u00e9riel contenu dans ce site est prot\u00e9g\u00e9 par la l\u00e9gislation applicable en mati\u00e8re de droits d'auteur et de marques d\u00e9pos\u00e9es.<\/p><\/div><\/div><\/div><\/div><\/div><div class=\"vc_row-full-width vc_clearfix\" style=\"text-align: center;\">\u00a0<\/div><div class=\"vc_row wpb_row vc_row-fluid vc_row_visible vc_custom_1605062476769\" style=\"text-align: center;\" data-vc-full-width=\"true\" data-vc-full-width-init=\"true\"><div class=\"wpb_column vc_column_container vc_col-sm-12 vc_col-md-offset-2 vc_col-md-8 text-left\"><div class=\"vc_column-inner\"><div class=\"wpb_wrapper\"><div id=\"1605060094418-a69389f6-ee86\" class=\"text-center vc_custom_1605060056262\"><div class=\"d-inline-block\">\u00a0<\/div><h5 class=\"font-weight-bold text-heading-default\">Licence d'utilisation<\/h5><div class=\"text-text-gray\">\u00a0<\/div><\/div><div class=\"pix-el-text slide-in-container w-100\"><p class=\"text-18 text-body-default\">Nous nous engageons \u00e0 conduire nos affaires en accord avec ces principes afin d'assurer que la confidentialit\u00e9 des informations personnelles est prot\u00e9g\u00e9e et maintenue. PixFort peut changer cette politique de confidentialit\u00e9 de temps en temps \u00e0 la seule discr\u00e9tion de PixFort.<\/p><\/div><div id=\"duo-icon-132831686\" class=\"slide-in-container w-100 vc_custom_1605060975837\"><div class=\"py-2\"><div class=\"pix-feature-list text-20 font-weight-bold secondary-font py-2 d-flex align-items-center\"><div class=\"pix-mr-10 text-primary\">\u00a0<\/div><p><span class=\"text-body-default\">modifier ou copier le mat\u00e9riel ;<\/span><\/p><\/div><div class=\"pix-feature-list text-20 font-weight-bold secondary-font py-2 d-flex align-items-center\"><div class=\"pix-mr-10 text-primary\">\u00a0<\/div><p><span class=\"text-body-default\">utiliser le mat\u00e9riel \u00e0 des fins commerciales ;<\/span><\/p><\/div><div class=\"pix-feature-list text-20 font-weight-bold secondary-font py-2 d-flex align-items-center\"><div class=\"pix-mr-10 text-primary\">\u00a0<\/div><p><span class=\"text-body-default\">transf\u00e9rer le mat\u00e9riel \u00e0 une autre personne ou \u00e0 un autre mat\u00e9riel ;<\/span><\/p><\/div><div class=\"pix-feature-list text-20 font-weight-bold secondary-font py-2 d-flex align-items-center\"><div class=\"pix-mr-10 text-primary\">\u00a0<\/div><p><span class=\"text-body-default\">tenter de d\u00e9compiler ou d'inverser l'ing\u00e9nierie d'un logiciel ;<\/span><\/p><\/div><\/div><\/div><div id=\"duo-icon-39832173\" class=\"slide-in-container w-100 vc_custom_1605060981158\"><div class=\"py-2\"><div class=\"pix-feature-list text-20 font-weight-bold secondary-font py-2 d-flex align-items-center\"><div class=\"pix-mr-10 text-red\">\u00a0<\/div><p><span class=\"text-body-default\">supprimer toute mention de droit d'auteur ou de propri\u00e9t\u00e9 ;<\/span><\/p><\/div><div class=\"pix-feature-list text-20 font-weight-bold secondary-font py-2 d-flex align-items-center\"><div class=\"pix-mr-10 text-red\">\u00a0<\/div><p><span class=\"text-body-default\">transf\u00e9rer le mat\u00e9riel \u00e0 une autre personne ou cr\u00e9er un \"miroir\" du mat\u00e9riel.<\/span><\/p><\/div><\/div><\/div><\/div><\/div><\/div><\/div><div class=\"vc_row-full-width vc_clearfix\" style=\"text-align: center;\">\u00a0<\/div><div class=\"vc_row wpb_row vc_row-fluid vc_row_visible vc_custom_1605062482321\" style=\"text-align: center;\" data-vc-full-width=\"true\" data-vc-full-width-init=\"true\"><div class=\"wpb_column vc_column_container vc_col-sm-12 vc_col-md-offset-2 vc_col-md-8 text-left\"><div class=\"vc_column-inner\"><div class=\"wpb_wrapper\"><div id=\"1605060389144-5e6c1892-8897\" class=\"text-center vc_custom_1605060448924\"><div class=\"d-inline-block\">\u00a0<\/div><h5 class=\"font-weight-bold text-heading-default\">Clause de non-responsabilit\u00e9<\/h5><div class=\"text-text-gray\">\u00a0<\/div><\/div><div class=\"pix-el-text slide-in-container w-100\"><p class=\"text-18 text-body-default\">Les documents figurant sur le site web d'IPTV SMART sont fournis en l'\u00e9tat. <a href=\"https:\/\/iptvsmart.io\/iptv-france\/\">IPTV SMART<\/a> ne donne aucune garantie, expresse ou implicite, et rejette par la pr\u00e9sente toutes les autres garanties, y compris, sans limitation, les garanties ou conditions implicites de qualit\u00e9 marchande, d'ad\u00e9quation \u00e0 un usage particulier, ou de non-violation de la propri\u00e9t\u00e9 intellectuelle ou d'autres violations des droits.<\/p><\/div><\/div><\/div><\/div><\/div><div class=\"vc_row-full-width vc_clearfix\" style=\"text-align: center;\">\u00a0<\/div><div class=\"vc_row wpb_row vc_row-fluid vc_row_visible vc_custom_1605062487460\" data-vc-full-width=\"true\" data-vc-full-width-init=\"true\"><div class=\"wpb_column vc_column_container vc_col-sm-12 vc_col-md-offset-2 vc_col-md-8 text-left\"><div class=\"vc_column-inner\"><div class=\"wpb_wrapper\"><div id=\"1605060623213-4f32de0b-37da\" class=\"text-center vc_custom_1605060572439\" style=\"text-align: center;\"><div class=\"d-inline-block\">\u00a0<\/div><h5 class=\"font-weight-bold text-heading-default\">Politique de confidentialit\u00e9<\/h5><div class=\"text-text-gray\">\u00a0<\/div><\/div><div class=\"pix-el-text slide-in-container w-100\" style=\"text-align: center;\"><p class=\"text-18 text-body-default\">Nous accordons une grande importance \u00e0 la protection de votre vie priv\u00e9e.<\/p><p>IPTV SMART a pour politique de respecter votre vie priv\u00e9e en ce qui concerne les informations que nous pouvons collecter dans le cadre de l'exploitation de notre site web. En cons\u00e9quence, nous avons \u00e9labor\u00e9 cette politique de confidentialit\u00e9 afin que vous compreniez comment nous collectons, utilisons, communiquons, divulguons et utilisons d'une autre mani\u00e8re les informations personnelles. Les grandes lignes de notre politique de protection de la vie priv\u00e9e sont expos\u00e9es ci-dessous.<\/p><\/div><div id=\"1605060550951-75e41462-a7c6\" class=\"media vc_custom_1605060741751\" style=\"text-align: center;\"><div class=\"mr-3 text-primary\">\u00a0<\/div><div class=\"media-body\"><h6 class=\"text-heading-default\">\u00a0<\/h6><div class=\"text-body-default text-18\">Nous collecterons les informations personnelles par des moyens l\u00e9gaux et \u00e9quitables et, le cas \u00e9ch\u00e9ant, avec la connaissance ou le consentement de la personne concern\u00e9e.<\/div><\/div><\/div><div id=\"1605060734582-18728590-48e2\" class=\"media vc_custom_1605060752993\" style=\"text-align: center;\"><div class=\"mr-3 text-primary\">\u00a0<\/div><div class=\"media-body\"><h6 class=\"text-heading-default\">\u00a0<\/h6><div class=\"text-body-default text-18\">Avant ou au moment de la collecte d'informations personnelles, nous identifierons les raisons pour lesquelles les informations sont collect\u00e9es.<\/div><\/div><\/div><div id=\"1605060755602-7a9138c8-a48f\" class=\"media vc_custom_1605060763542\" style=\"text-align: center;\"><div class=\"mr-3 text-primary\">\u00a0<\/div><div class=\"media-body\"><h6 class=\"text-heading-default\">\u00a0<\/h6><div class=\"text-body-default text-18\">Nous collecterons et utiliserons les informations personnelles uniquement pour atteindre les objectifs que nous avons sp\u00e9cifi\u00e9s et pour d'autres objectifs auxiliaires, \u00e0 moins que nous n'obtenions le consentement de la personne concern\u00e9e ou que la loi ne l'exige.<\/div><\/div><\/div><div id=\"1605060766296-4e17b93b-d498\" class=\"media vc_custom_1605060773267\" style=\"text-align: center;\"><div class=\"mr-3 text-primary\">\u00a0<\/div><div class=\"media-body\"><h6 class=\"text-heading-default\">\u00a0<\/h6><div class=\"text-body-default text-18\">Les donn\u00e9es \u00e0 caract\u00e8re personnel doivent \u00eatre pertinentes au regard des finalit\u00e9s pour lesquelles elles sont utilis\u00e9es et, dans la mesure n\u00e9cessaire \u00e0 ces finalit\u00e9s, elles doivent \u00eatre exactes, compl\u00e8tes et \u00e0 jour.<\/div><\/div><\/div><div id=\"1605060777810-28e43e87-5426\" class=\"media vc_custom_1605060782290\" style=\"text-align: center;\"><div class=\"mr-3 text-primary\">\u00a0<\/div><div class=\"media-body\"><h6 class=\"text-heading-default\">\u00a0<\/h6><div class=\"text-body-default text-18\">Nous prot\u00e9gerons les informations personnelles en utilisant des mesures de s\u00e9curit\u00e9 raisonnables contre la perte ou le vol, ainsi que contre l'acc\u00e8s, la divulgation, la copie, l'utilisation ou la modification non autoris\u00e9s.<\/div><\/div><\/div><div id=\"1605060788645-350b7965-ef77\" class=\"media vc_custom_1605060801689\" style=\"text-align: center;\"><div class=\"mr-3 text-primary\">\u00a0<\/div><div class=\"media-body\"><h6 class=\"text-heading-default\">\u00a0<\/h6><div class=\"text-body-default text-18\">Nous ne conserverons les informations personnelles que le temps n\u00e9cessaire \u00e0 la r\u00e9alisation de ces objectifs.<\/div><\/div><\/div><div class=\"pix-el-text slide-in-container w-100 vc_custom_1636064533312\"><p class=\"text-18 text-body-default\" style=\"text-align: center;\">Nous nous engageons \u00e0 mener nos activit\u00e9s conform\u00e9ment \u00e0 ces principes afin de garantir la protection et le maintien de la confidentialit\u00e9 des informations personnelles. IPTV SMART peut modifier cette politique de confidentialit\u00e9 de temps \u00e0 autre, \u00e0 sa seule discr\u00e9tion.<\/p><\/div><\/div><\/div><\/div><\/div>\t\t\t\t\t\t\t\t<\/div>\n\t\t\t\t<\/div>\n\t\t\t\t\t<\/div>\n\t\t<\/div>\n\t\t\t\t\t<\/div>\n\t\t<\/section>\n\t\t\t\t<\/div>","protected":false},"excerpt":{"rendered":"<p>\u00a0 Terms \u00a0 By accessing the website at https:\/\/iptvsmart.io you are agreeing to be bound by these terms of service, all applicable laws and regulations, and agree that you are responsible for compliance with any applicable local laws. If you do not agree with any of these terms, you are prohibited from using or accessing [&hellip;]<\/p>","protected":false},"author":1,"featured_media":0,"parent":0,"menu_order":0,"comment_status":"closed","ping_status":"closed","template":"","meta":{"footnotes":""},"class_list":["post-5076","page","type-page","status-publish","hentry"],"yoast_head":"<!-- This site is optimized with the Yoast SEO Premium plugin v26.4 (Yoast SEO v26.4) - https:\/\/yoast.com\/wordpress\/plugins\/seo\/ -->\n<title>IPTV SMART | Best IPTV International Provider<\/title>\n<meta name=\"description\" content=\"Try the best IPTV experience! +20000 TV &amp; +45000 VOD. Fast and stable | IPTV SMART | 24h free IPTV trial | Watch now on any device!\" \/>\n<meta name=\"robots\" content=\"index, follow, max-snippet:-1, max-image-preview:large, max-video-preview:-1\" \/>\n<link rel=\"canonical\" href=\"https:\/\/iptvsmart.io\/iptv-france\/conditions-generales\/\" \/>\n<meta property=\"og:locale\" content=\"fr_FR\" \/>\n<meta property=\"og:type\" content=\"article\" \/>\n<meta property=\"og:title\" content=\"IPTV SMART\" \/>\n<meta property=\"og:description\" content=\"Try the best IPTV experience! +20000 TV &amp; +45000 VOD. Fast and stable | IPTV SMART | 24h free IPTV trial | Watch now on any device!\" \/>\n<meta property=\"og:url\" content=\"https:\/\/iptvsmart.io\/iptv-france\/conditions-generales\/\" \/>\n<meta property=\"og:site_name\" content=\"IPTV SMART\" \/>\n<meta property=\"article:modified_time\" content=\"2022-10-03T18:10:38+00:00\" \/>\n<meta property=\"og:image\" content=\"https:\/\/iptvsmart.io\/wp-content\/uploads\/2022\/09\/iptv-smart.png\" \/>\n\t<meta property=\"og:image:width\" content=\"1912\" \/>\n\t<meta property=\"og:image:height\" content=\"1364\" \/>\n\t<meta property=\"og:image:type\" content=\"image\/png\" \/>\n<meta name=\"twitter:card\" content=\"summary_large_image\" \/>\n<meta name=\"twitter:label1\" content=\"Dur\u00e9e de lecture estim\u00e9e\" \/>\n\t<meta name=\"twitter:data1\" content=\"2 minutes\" \/>\n<script type=\"application\/ld+json\" class=\"yoast-schema-graph\">{\"@context\":\"https:\/\/schema.org\",\"@graph\":[{\"@type\":\"WebPage\",\"@id\":\"https:\/\/iptvsmart.io\/terms-conditions\/\",\"url\":\"https:\/\/iptvsmart.io\/terms-conditions\/\",\"name\":\"IPTV SMART | Best IPTV International Provider\",\"isPartOf\":{\"@id\":\"https:\/\/iptvsmart.io\/#website\"},\"datePublished\":\"2022-10-03T18:04:31+00:00\",\"dateModified\":\"2022-10-03T18:10:38+00:00\",\"description\":\"Try the best IPTV experience! +20000 TV & +45000 VOD. Fast and stable | IPTV SMART | 24h free IPTV trial | Watch now on any device!\",\"breadcrumb\":{\"@id\":\"https:\/\/iptvsmart.io\/terms-conditions\/#breadcrumb\"},\"inLanguage\":\"fr-FR\",\"potentialAction\":[{\"@type\":\"ReadAction\",\"target\":[\"https:\/\/iptvsmart.io\/terms-conditions\/\"]}]},{\"@type\":\"BreadcrumbList\",\"@id\":\"https:\/\/iptvsmart.io\/terms-conditions\/#breadcrumb\",\"itemListElement\":[{\"@type\":\"ListItem\",\"position\":1,\"name\":\"Home\",\"item\":\"https:\/\/iptvsmart.io\/official-iptv\/\"},{\"@type\":\"ListItem\",\"position\":2,\"name\":\"Terms &#038; Conditions\"}]},{\"@type\":\"WebSite\",\"@id\":\"https:\/\/iptvsmart.io\/#website\",\"url\":\"https:\/\/iptvsmart.io\/\",\"name\":\"IPTV SMART\",\"description\":\"Best IPTV International provider\",\"publisher\":{\"@id\":\"https:\/\/iptvsmart.io\/#organization\"},\"potentialAction\":[{\"@type\":\"SearchAction\",\"target\":{\"@type\":\"EntryPoint\",\"urlTemplate\":\"https:\/\/iptvsmart.io\/?s={search_term_string}\"},\"query-input\":{\"@type\":\"PropertyValueSpecification\",\"valueRequired\":true,\"valueName\":\"search_term_string\"}}],\"inLanguage\":\"fr-FR\"},{\"@type\":\"Organization\",\"@id\":\"https:\/\/iptvsmart.io\/#organization\",\"name\":\"IPTV SMART\",\"alternateName\":\"Best IPTV provider\",\"url\":\"https:\/\/iptvsmart.io\/\",\"logo\":{\"@type\":\"ImageObject\",\"inLanguage\":\"fr-FR\",\"@id\":\"https:\/\/iptvsmart.io\/#\/schema\/logo\/image\/\",\"url\":\"https:\/\/iptvsmart.io\/wp-content\/uploads\/2022\/09\/iptv-smart.png\",\"contentUrl\":\"https:\/\/iptvsmart.io\/wp-content\/uploads\/2022\/09\/iptv-smart.png\",\"width\":1912,\"height\":1364,\"caption\":\"IPTV SMART\"},\"image\":{\"@id\":\"https:\/\/iptvsmart.io\/#\/schema\/logo\/image\/\"},\"description\":\"IPTV Smart is a premier provider of reliable and affordable IPTV services, offering access to over 40,000 live TV channels and 100,000+ movies and shows. Our platform features HD streaming, advanced AntiFreeze technology, and compatibility with all devices, including smart TVs, smartphones, and PCs. With 99.9% uptime and 24\/7 customer support, we deliver a seamless, global entertainment experience. Choose IPTV Smart for flexible plans, premium content, and the freedom to watch your favorite shows anytime, anywhere!\",\"email\":\"contact@iptvsmart.io\",\"legalName\":\"IPTV SMART\",\"foundingDate\":\"2010-08-02\",\"numberOfEmployees\":{\"@type\":\"QuantitativeValue\",\"minValue\":\"11\",\"maxValue\":\"50\"},\"publishingPrinciples\":\"https:\/\/iptvsmart.io\/refund-policy\/\",\"actionableFeedbackPolicy\":\"https:\/\/iptvsmart.io\/terms-conditions\/\"}]}<\/script>\n<!-- \/ Yoast SEO Premium plugin. -->","yoast_head_json":{"title":"IPTV SMART | Meilleur fournisseur international de services IPTV","description":"Essayez la meilleure exp\u00e9rience IPTV ! +20K TV &amp; +45K VOD. Rapide et stable | IPTV SMART | Meilleur IPTV 2025 | Meilleur service IPTV France.","robots":{"index":"index","follow":"follow","max-snippet":"max-snippet:-1","max-image-preview":"max-image-preview:large","max-video-preview":"max-video-preview:-1"},"canonical":"https:\/\/iptvsmart.io\/iptv-france\/conditions-generales\/","og_locale":"fr_FR","og_type":"article","og_title":"IPTV SMART","og_description":"Try the best IPTV experience! +20000 TV & +45000 VOD. Fast and stable | IPTV SMART | 24h free IPTV trial | Watch now on any device!","og_url":"https:\/\/iptvsmart.io\/iptv-france\/conditions-generales\/","og_site_name":"IPTV SMART","article_modified_time":"2022-10-03T18:10:38+00:00","og_image":[{"width":1912,"height":1364,"url":"https:\/\/iptvsmart.io\/wp-content\/uploads\/2022\/09\/iptv-smart.png","type":"image\/png"}],"twitter_card":"summary_large_image","twitter_misc":{"Dur\u00e9e de lecture estim\u00e9e":"2 minutes"},"schema":{"@context":"https:\/\/schema.org","@graph":[{"@type":"WebPage","@id":"https:\/\/iptvsmart.io\/terms-conditions\/","url":"https:\/\/iptvsmart.io\/terms-conditions\/","name":"IPTV SMART | Meilleur fournisseur international de services IPTV","isPartOf":{"@id":"https:\/\/iptvsmart.io\/#website"},"datePublished":"2022-10-03T18:04:31+00:00","dateModified":"2022-10-03T18:10:38+00:00","description":"Essayez la meilleure exp\u00e9rience IPTV ! +20K TV &amp; +45K VOD. Rapide et stable | IPTV SMART | Meilleur IPTV 2025 | Meilleur service IPTV France.","breadcrumb":{"@id":"https:\/\/iptvsmart.io\/terms-conditions\/#breadcrumb"},"inLanguage":"fr-FR","potentialAction":[{"@type":"ReadAction","target":["https:\/\/iptvsmart.io\/terms-conditions\/"]}]},{"@type":"BreadcrumbList","@id":"https:\/\/iptvsmart.io\/terms-conditions\/#breadcrumb","itemListElement":[{"@type":"ListItem","position":1,"name":"Home","item":"https:\/\/iptvsmart.io\/official-iptv\/"},{"@type":"ListItem","position":2,"name":"Terms &#038; Conditions"}]},{"@type":"WebSite","@id":"https:\/\/iptvsmart.io\/#website","url":"https:\/\/iptvsmart.io\/","name":"IPTV SMART","description":"Meilleur fournisseur IPTV international","publisher":{"@id":"https:\/\/iptvsmart.io\/#organization"},"potentialAction":[{"@type":"SearchAction","target":{"@type":"EntryPoint","urlTemplate":"https:\/\/iptvsmart.io\/?s={search_term_string}"},"query-input":{"@type":"PropertyValueSpecification","valueRequired":true,"valueName":"search_term_string"}}],"inLanguage":"fr-FR"},{"@type":"Organization","@id":"https:\/\/iptvsmart.io\/#organization","name":"IPTV SMART","alternateName":"Best IPTV provider","url":"https:\/\/iptvsmart.io\/","logo":{"@type":"ImageObject","inLanguage":"fr-FR","@id":"https:\/\/iptvsmart.io\/#\/schema\/logo\/image\/","url":"https:\/\/iptvsmart.io\/wp-content\/uploads\/2022\/09\/iptv-smart.png","contentUrl":"https:\/\/iptvsmart.io\/wp-content\/uploads\/2022\/09\/iptv-smart.png","width":1912,"height":1364,"caption":"IPTV SMART"},"image":{"@id":"https:\/\/iptvsmart.io\/#\/schema\/logo\/image\/"},"description":"IPTV Smart est un fournisseur de premier plan de services IPTV fiables et abordables, offrant un acc\u00e8s \u00e0 plus de 40 000 cha\u00eenes de t\u00e9l\u00e9vision en direct et \u00e0 plus de 100 000 films et \u00e9missions. Notre plateforme offre un streaming HD, une technologie AntiFreeze avanc\u00e9e et une compatibilit\u00e9 avec tous les appareils, y compris les t\u00e9l\u00e9viseurs intelligents, les smartphones et les PC. Avec un temps de disponibilit\u00e9 de 99,9% et une assistance client\u00e8le 24h\/24 et 7j\/7, nous offrons une exp\u00e9rience de divertissement globale et transparente. Choisissez IPTV Smart pour des plans flexibles, un contenu de qualit\u00e9 sup\u00e9rieure et la libert\u00e9 de regarder vos \u00e9missions pr\u00e9f\u00e9r\u00e9es n'importe o\u00f9 et n'importe quand !","email":"contact@iptvsmart.io","legalName":"IPTV SMART","foundingDate":"2010-08-02","numberOfEmployees":{"@type":"QuantitativeValue","minValue":"11","maxValue":"50"},"publishingPrinciples":"https:\/\/iptvsmart.io\/refund-policy\/","actionableFeedbackPolicy":"https:\/\/iptvsmart.io\/terms-conditions\/"}]}},"_links":{"self":[{"href":"https:\/\/iptvsmart.io\/iptv-france\/wp-json\/wp\/v2\/pages\/5076","targetHints":{"allow":["GET"]}}],"collection":[{"href":"https:\/\/iptvsmart.io\/iptv-france\/wp-json\/wp\/v2\/pages"}],"about":[{"href":"https:\/\/iptvsmart.io\/iptv-france\/wp-json\/wp\/v2\/types\/page"}],"author":[{"embeddable":true,"href":"https:\/\/iptvsmart.io\/iptv-france\/wp-json\/wp\/v2\/users\/1"}],"replies":[{"embeddable":true,"href":"https:\/\/iptvsmart.io\/iptv-france\/wp-json\/wp\/v2\/comments?post=5076"}],"version-history":[{"count":0,"href":"https:\/\/iptvsmart.io\/iptv-france\/wp-json\/wp\/v2\/pages\/5076\/revisions"}],"wp:attachment":[{"href":"https:\/\/iptvsmart.io\/iptv-france\/wp-json\/wp\/v2\/media?parent=5076"}],"curies":[{"name":"wp","href":"https:\/\/api.w.org\/{rel}","templated":true}]}}