{"id":5076,"date":"2022-10-03T18:04:31","date_gmt":"2022-10-03T18:04:31","guid":{"rendered":"https:\/\/iptvsmart.io\/?page_id=5076"},"modified":"2022-10-03T18:10:38","modified_gmt":"2022-10-03T18:10:38","slug":"condiciones","status":"publish","type":"page","link":"https:\/\/iptvsmart.io\/iptv-spain\/condiciones\/","title":{"rendered":"Terms &amp; Conditions"},"content":{"rendered":"<div data-elementor-type=\"wp-page\" data-elementor-id=\"5076\" class=\"elementor elementor-5076\">\n\t\t\t\t\t\t<section class=\"elementor-section elementor-top-section elementor-element elementor-element-21bdd14 elementor-section-boxed elementor-section-height-default elementor-section-height-default\" data-id=\"21bdd14\" data-element_type=\"section\">\n\t\t\t\t\t\t<div class=\"elementor-container elementor-column-gap-default\">\n\t\t\t\t\t<div class=\"elementor-column elementor-col-100 elementor-top-column elementor-element elementor-element-3e4e30c ot-flex-column-vertical\" data-id=\"3e4e30c\" data-element_type=\"column\">\n\t\t\t<div class=\"elementor-widget-wrap elementor-element-populated\">\n\t\t\t\t\t\t<div class=\"elementor-element elementor-element-eff9495 elementor-widget elementor-widget-text-editor\" data-id=\"eff9495\" data-element_type=\"widget\" data-settings=\"{&quot;htmega_fe&quot;:&quot;no&quot;}\" data-widget_type=\"text-editor.default\">\n\t\t\t\t<div class=\"elementor-widget-container\">\n\t\t\t\t\t\t\t\t\t<div class=\"vc_row wpb_row vc_row-fluid vc_row_visible\" data-vc-full-width=\"true\" data-vc-full-width-init=\"true\"><div class=\"wpb_column vc_column_container vc_col-sm-12 vc_col-md-offset-2 vc_col-md-8 text-left\"><div class=\"vc_column-inner\"><div class=\"wpb_wrapper\"><div id=\"highlighted-text-186707529\" class=\"text-center vc_custom_1605062381350\">\u00a0<\/div><div id=\"1605059889690-c037aae1-864e\" class=\"text-center vc_custom_1605060073408\" style=\"text-align: center;\"><h5 class=\"font-weight-bold text-heading-default\">T\u00e9rminos<\/h5><div class=\"text-text-gray\">\u00a0<\/div><\/div><div class=\"pix-el-text slide-in-container w-100 vc_custom_1633538546883\" style=\"text-align: center;\"><p class=\"text-18 text-body-default\">Accediendo al sitio web <a href=\"https:\/\/iptvsmart.io\/iptv-spain\/\">https:\/\/iptvsmart.io<\/a> usted acepta someterse a estas condiciones de servicio, a todas las leyes y reglamentos aplicables, y acepta que es responsable del cumplimiento de cualquier ley local aplicable. Si no est\u00e1 de acuerdo con alguna de estas condiciones, se le proh\u00edbe utilizar o acceder a este sitio. Los materiales contenidos en este sitio web est\u00e1n protegidos por la legislaci\u00f3n aplicable en materia de derechos de autor y marcas registradas.<\/p><\/div><\/div><\/div><\/div><\/div><div class=\"vc_row-full-width vc_clearfix\" style=\"text-align: center;\">\u00a0<\/div><div class=\"vc_row wpb_row vc_row-fluid vc_row_visible vc_custom_1605062476769\" style=\"text-align: center;\" data-vc-full-width=\"true\" data-vc-full-width-init=\"true\"><div class=\"wpb_column vc_column_container vc_col-sm-12 vc_col-md-offset-2 vc_col-md-8 text-left\"><div class=\"vc_column-inner\"><div class=\"wpb_wrapper\"><div id=\"1605060094418-a69389f6-ee86\" class=\"text-center vc_custom_1605060056262\"><div class=\"d-inline-block\">\u00a0<\/div><h5 class=\"font-weight-bold text-heading-default\">Licencia de uso<\/h5><div class=\"text-text-gray\">\u00a0<\/div><\/div><div class=\"pix-el-text slide-in-container w-100\"><p class=\"text-18 text-body-default\">Estamos comprometidos a conducir nuestro negocio de acuerdo con estos principios para asegurar que la confidencialidad de la informaci\u00f3n personal sea protegida y mantenida. PixFort puede cambiar esta pol\u00edtica de privacidad de vez en cuando a su entera discreci\u00f3n.<\/p><\/div><div id=\"duo-icon-132831686\" class=\"slide-in-container w-100 vc_custom_1605060975837\"><div class=\"py-2\"><div class=\"pix-feature-list text-20 font-weight-bold secondary-font py-2 d-flex align-items-center\"><div class=\"pix-mr-10 text-primary\">\u00a0<\/div><p><span class=\"text-body-default\">modificar o copiar los materiales;<\/span><\/p><\/div><div class=\"pix-feature-list text-20 font-weight-bold secondary-font py-2 d-flex align-items-center\"><div class=\"pix-mr-10 text-primary\">\u00a0<\/div><p><span class=\"text-body-default\">utilizar los materiales con fines comerciales;<\/span><\/p><\/div><div class=\"pix-feature-list text-20 font-weight-bold secondary-font py-2 d-flex align-items-center\"><div class=\"pix-mr-10 text-primary\">\u00a0<\/div><p><span class=\"text-body-default\">transferir los materiales a otra persona o materiales;<\/span><\/p><\/div><div class=\"pix-feature-list text-20 font-weight-bold secondary-font py-2 d-flex align-items-center\"><div class=\"pix-mr-10 text-primary\">\u00a0<\/div><p><span class=\"text-body-default\">intentar descompilar o aplicar ingenier\u00eda inversa a ning\u00fan software;<\/span><\/p><\/div><\/div><\/div><div id=\"duo-icon-39832173\" class=\"slide-in-container w-100 vc_custom_1605060981158\"><div class=\"py-2\"><div class=\"pix-feature-list text-20 font-weight-bold secondary-font py-2 d-flex align-items-center\"><div class=\"pix-mr-10 text-red\">\u00a0<\/div><p><span class=\"text-body-default\">eliminar cualquier menci\u00f3n relativa a derechos de autor u otros derechos de propiedad;<\/span><\/p><\/div><div class=\"pix-feature-list text-20 font-weight-bold secondary-font py-2 d-flex align-items-center\"><div class=\"pix-mr-10 text-red\">\u00a0<\/div><p><span class=\"text-body-default\">transferir los materiales a otra persona o \"reflejar\" los materiales.<\/span><\/p><\/div><\/div><\/div><\/div><\/div><\/div><\/div><div class=\"vc_row-full-width vc_clearfix\" style=\"text-align: center;\">\u00a0<\/div><div class=\"vc_row wpb_row vc_row-fluid vc_row_visible vc_custom_1605062482321\" style=\"text-align: center;\" data-vc-full-width=\"true\" data-vc-full-width-init=\"true\"><div class=\"wpb_column vc_column_container vc_col-sm-12 vc_col-md-offset-2 vc_col-md-8 text-left\"><div class=\"vc_column-inner\"><div class=\"wpb_wrapper\"><div id=\"1605060389144-5e6c1892-8897\" class=\"text-center vc_custom_1605060448924\"><div class=\"d-inline-block\">\u00a0<\/div><h5 class=\"font-weight-bold text-heading-default\">Descargo de responsabilidad<\/h5><div class=\"text-text-gray\">\u00a0<\/div><\/div><div class=\"pix-el-text slide-in-container w-100\"><p class=\"text-18 text-body-default\">Los materiales del sitio web de IPTV SMART se proporcionan \"tal cual\". <a href=\"https:\/\/iptvsmart.io\/iptv-spain\/\">IPTV SMART<\/a> no ofrece ninguna garant\u00eda, expresa o impl\u00edcita, y por la presente renuncia y niega todas las dem\u00e1s garant\u00edas, incluidas, sin limitaci\u00f3n, las garant\u00edas o condiciones impl\u00edcitas de comerciabilidad, idoneidad para un fin determinado o no infracci\u00f3n de la propiedad intelectual o cualquier otra violaci\u00f3n de los derechos.<\/p><\/div><\/div><\/div><\/div><\/div><div class=\"vc_row-full-width vc_clearfix\" style=\"text-align: center;\">\u00a0<\/div><div class=\"vc_row wpb_row vc_row-fluid vc_row_visible vc_custom_1605062487460\" data-vc-full-width=\"true\" data-vc-full-width-init=\"true\"><div class=\"wpb_column vc_column_container vc_col-sm-12 vc_col-md-offset-2 vc_col-md-8 text-left\"><div class=\"vc_column-inner\"><div class=\"wpb_wrapper\"><div id=\"1605060623213-4f32de0b-37da\" class=\"text-center vc_custom_1605060572439\" style=\"text-align: center;\"><div class=\"d-inline-block\">\u00a0<\/div><h5 class=\"font-weight-bold text-heading-default\">Pol\u00edtica de privacidad<\/h5><div class=\"text-text-gray\">\u00a0<\/div><\/div><div class=\"pix-el-text slide-in-container w-100\" style=\"text-align: center;\"><p class=\"text-18 text-body-default\">Su privacidad es importante para nosotros.<\/p><p>Es pol\u00edtica de IPTV SMART respetar su privacidad con respecto a cualquier informaci\u00f3n que podamos recopilar mientras operamos nuestro sitio web. En consecuencia, hemos desarrollado esta pol\u00edtica de privacidad para que usted entienda c\u00f3mo recopilamos, utilizamos, comunicamos, divulgamos y hacemos uso de la informaci\u00f3n personal. A continuaci\u00f3n se expone nuestra pol\u00edtica de privacidad.<\/p><\/div><div id=\"1605060550951-75e41462-a7c6\" class=\"media vc_custom_1605060741751\" style=\"text-align: center;\"><div class=\"mr-3 text-primary\">\u00a0<\/div><div class=\"media-body\"><h6 class=\"text-heading-default\">\u00a0<\/h6><div class=\"text-body-default text-18\">Recopilaremos informaci\u00f3n personal por medios legales y justos y, cuando proceda, con el conocimiento o consentimiento de la persona afectada.<\/div><\/div><\/div><div id=\"1605060734582-18728590-48e2\" class=\"media vc_custom_1605060752993\" style=\"text-align: center;\"><div class=\"mr-3 text-primary\">\u00a0<\/div><div class=\"media-body\"><h6 class=\"text-heading-default\">\u00a0<\/h6><div class=\"text-body-default text-18\">Antes o en el momento de recopilar informaci\u00f3n personal, identificaremos los fines para los que se recopila la informaci\u00f3n.<\/div><\/div><\/div><div id=\"1605060755602-7a9138c8-a48f\" class=\"media vc_custom_1605060763542\" style=\"text-align: center;\"><div class=\"mr-3 text-primary\">\u00a0<\/div><div class=\"media-body\"><h6 class=\"text-heading-default\">\u00a0<\/h6><div class=\"text-body-default text-18\">Recopilaremos y utilizaremos la informaci\u00f3n personal \u00fanicamente para cumplir los fines especificados por nosotros y para otros fines auxiliares, a menos que obtengamos el consentimiento de la persona en cuesti\u00f3n o seg\u00fan lo exija la ley.<\/div><\/div><\/div><div id=\"1605060766296-4e17b93b-d498\" class=\"media vc_custom_1605060773267\" style=\"text-align: center;\"><div class=\"mr-3 text-primary\">\u00a0<\/div><div class=\"media-body\"><h6 class=\"text-heading-default\">\u00a0<\/h6><div class=\"text-body-default text-18\">Los datos personales deben ser pertinentes para los fines para los que se van a utilizar y, en la medida necesaria para esos fines, deben ser exactos, completos y actualizados.<\/div><\/div><\/div><div id=\"1605060777810-28e43e87-5426\" class=\"media vc_custom_1605060782290\" style=\"text-align: center;\"><div class=\"mr-3 text-primary\">\u00a0<\/div><div class=\"media-body\"><h6 class=\"text-heading-default\">\u00a0<\/h6><div class=\"text-body-default text-18\">Protegeremos la informaci\u00f3n personal utilizando medidas de seguridad razonables contra p\u00e9rdidas o robos, as\u00ed como contra el acceso, la divulgaci\u00f3n, la copia, el uso o la modificaci\u00f3n no autorizados.<\/div><\/div><\/div><div id=\"1605060788645-350b7965-ef77\" class=\"media vc_custom_1605060801689\" style=\"text-align: center;\"><div class=\"mr-3 text-primary\">\u00a0<\/div><div class=\"media-body\"><h6 class=\"text-heading-default\">\u00a0<\/h6><div class=\"text-body-default text-18\">S\u00f3lo conservaremos la informaci\u00f3n personal durante el tiempo necesario para el cumplimiento de dichos fines.<\/div><\/div><\/div><div class=\"pix-el-text slide-in-container w-100 vc_custom_1636064533312\"><p class=\"text-18 text-body-default\" style=\"text-align: center;\">Nos comprometemos a llevar a cabo nuestro negocio de acuerdo con estos principios para asegurar que la confidencialidad de la informaci\u00f3n personal est\u00e1 protegida y mantenida. IPTV SMART puede cambiar esta pol\u00edtica de privacidad de vez en cuando a la sola discreci\u00f3n de IPTV SMART.<\/p><\/div><\/div><\/div><\/div><\/div>\t\t\t\t\t\t\t\t<\/div>\n\t\t\t\t<\/div>\n\t\t\t\t\t<\/div>\n\t\t<\/div>\n\t\t\t\t\t<\/div>\n\t\t<\/section>\n\t\t\t\t<\/div>","protected":false},"excerpt":{"rendered":"<p>\u00a0 Terms \u00a0 By accessing the website at https:\/\/iptvsmart.io you are agreeing to be bound by these terms of service, all applicable laws and regulations, and agree that you are responsible for compliance with any applicable local laws. If you do not agree with any of these terms, you are prohibited from using or accessing [&hellip;]<\/p>","protected":false},"author":1,"featured_media":0,"parent":0,"menu_order":0,"comment_status":"closed","ping_status":"closed","template":"","meta":{"footnotes":""},"class_list":["post-5076","page","type-page","status-publish","hentry"],"yoast_head":"<!-- This site is optimized with the Yoast SEO Premium plugin v26.4 (Yoast SEO v26.4) - https:\/\/yoast.com\/wordpress\/plugins\/seo\/ -->\n<title>IPTV SMART | Best IPTV International Provider<\/title>\n<meta name=\"description\" content=\"Try the best IPTV experience! +20000 TV &amp; +45000 VOD. Fast and stable | IPTV SMART | 24h free IPTV trial | Watch now on any device!\" \/>\n<meta name=\"robots\" content=\"index, follow, max-snippet:-1, max-image-preview:large, max-video-preview:-1\" \/>\n<link rel=\"canonical\" href=\"https:\/\/iptvsmart.io\/iptv-spain\/condiciones\/\" \/>\n<meta property=\"og:locale\" content=\"es_ES\" \/>\n<meta property=\"og:type\" content=\"article\" \/>\n<meta property=\"og:title\" content=\"IPTV SMART\" \/>\n<meta property=\"og:description\" content=\"Try the best IPTV experience! +20000 TV &amp; +45000 VOD. Fast and stable | IPTV SMART | 24h free IPTV trial | Watch now on any device!\" \/>\n<meta property=\"og:url\" content=\"https:\/\/iptvsmart.io\/iptv-spain\/condiciones\/\" \/>\n<meta property=\"og:site_name\" content=\"IPTV SMART\" \/>\n<meta property=\"article:modified_time\" content=\"2022-10-03T18:10:38+00:00\" \/>\n<meta property=\"og:image\" content=\"https:\/\/iptvsmart.io\/wp-content\/uploads\/2022\/09\/iptv-smart.png\" \/>\n\t<meta property=\"og:image:width\" content=\"1912\" \/>\n\t<meta property=\"og:image:height\" content=\"1364\" \/>\n\t<meta property=\"og:image:type\" content=\"image\/png\" \/>\n<meta name=\"twitter:card\" content=\"summary_large_image\" \/>\n<meta name=\"twitter:label1\" content=\"Tiempo de lectura\" \/>\n\t<meta name=\"twitter:data1\" content=\"2 minutos\" \/>\n<script type=\"application\/ld+json\" class=\"yoast-schema-graph\">{\"@context\":\"https:\/\/schema.org\",\"@graph\":[{\"@type\":\"WebPage\",\"@id\":\"https:\/\/iptvsmart.io\/terms-conditions\/\",\"url\":\"https:\/\/iptvsmart.io\/terms-conditions\/\",\"name\":\"IPTV SMART | Best IPTV International Provider\",\"isPartOf\":{\"@id\":\"https:\/\/iptvsmart.io\/#website\"},\"datePublished\":\"2022-10-03T18:04:31+00:00\",\"dateModified\":\"2022-10-03T18:10:38+00:00\",\"description\":\"Try the best IPTV experience! +20000 TV & +45000 VOD. Fast and stable | IPTV SMART | 24h free IPTV trial | Watch now on any device!\",\"breadcrumb\":{\"@id\":\"https:\/\/iptvsmart.io\/terms-conditions\/#breadcrumb\"},\"inLanguage\":\"es\",\"potentialAction\":[{\"@type\":\"ReadAction\",\"target\":[\"https:\/\/iptvsmart.io\/terms-conditions\/\"]}]},{\"@type\":\"BreadcrumbList\",\"@id\":\"https:\/\/iptvsmart.io\/terms-conditions\/#breadcrumb\",\"itemListElement\":[{\"@type\":\"ListItem\",\"position\":1,\"name\":\"Home\",\"item\":\"https:\/\/iptvsmart.io\/official-iptv\/\"},{\"@type\":\"ListItem\",\"position\":2,\"name\":\"Terms &#038; Conditions\"}]},{\"@type\":\"WebSite\",\"@id\":\"https:\/\/iptvsmart.io\/#website\",\"url\":\"https:\/\/iptvsmart.io\/\",\"name\":\"IPTV SMART\",\"description\":\"Best IPTV International provider\",\"publisher\":{\"@id\":\"https:\/\/iptvsmart.io\/#organization\"},\"potentialAction\":[{\"@type\":\"SearchAction\",\"target\":{\"@type\":\"EntryPoint\",\"urlTemplate\":\"https:\/\/iptvsmart.io\/?s={search_term_string}\"},\"query-input\":{\"@type\":\"PropertyValueSpecification\",\"valueRequired\":true,\"valueName\":\"search_term_string\"}}],\"inLanguage\":\"es\"},{\"@type\":\"Organization\",\"@id\":\"https:\/\/iptvsmart.io\/#organization\",\"name\":\"IPTV SMART\",\"alternateName\":\"Best IPTV provider\",\"url\":\"https:\/\/iptvsmart.io\/\",\"logo\":{\"@type\":\"ImageObject\",\"inLanguage\":\"es\",\"@id\":\"https:\/\/iptvsmart.io\/#\/schema\/logo\/image\/\",\"url\":\"https:\/\/iptvsmart.io\/wp-content\/uploads\/2022\/09\/iptv-smart.png\",\"contentUrl\":\"https:\/\/iptvsmart.io\/wp-content\/uploads\/2022\/09\/iptv-smart.png\",\"width\":1912,\"height\":1364,\"caption\":\"IPTV SMART\"},\"image\":{\"@id\":\"https:\/\/iptvsmart.io\/#\/schema\/logo\/image\/\"},\"description\":\"IPTV Smart is a premier provider of reliable and affordable IPTV services, offering access to over 40,000 live TV channels and 100,000+ movies and shows. Our platform features HD streaming, advanced AntiFreeze technology, and compatibility with all devices, including smart TVs, smartphones, and PCs. With 99.9% uptime and 24\/7 customer support, we deliver a seamless, global entertainment experience. Choose IPTV Smart for flexible plans, premium content, and the freedom to watch your favorite shows anytime, anywhere!\",\"email\":\"contact@iptvsmart.io\",\"legalName\":\"IPTV SMART\",\"foundingDate\":\"2010-08-02\",\"numberOfEmployees\":{\"@type\":\"QuantitativeValue\",\"minValue\":\"11\",\"maxValue\":\"50\"},\"publishingPrinciples\":\"https:\/\/iptvsmart.io\/refund-policy\/\",\"actionableFeedbackPolicy\":\"https:\/\/iptvsmart.io\/terms-conditions\/\"}]}<\/script>\n<!-- \/ Yoast SEO Premium plugin. -->","yoast_head_json":{"title":"IPTV SMART | Mejor proveedor internacional de IPTV","description":"\u00a1Prueba la mejor experiencia IPTV! +20K TV &amp; +45K VOD. R\u00e1pido y estable | IPTV SMART | Mejor IPTV 2025 | Mejor Servicio IPTV Espa\u00f1a.","robots":{"index":"index","follow":"follow","max-snippet":"max-snippet:-1","max-image-preview":"max-image-preview:large","max-video-preview":"max-video-preview:-1"},"canonical":"https:\/\/iptvsmart.io\/iptv-spain\/condiciones\/","og_locale":"es_ES","og_type":"article","og_title":"IPTV SMART","og_description":"Try the best IPTV experience! +20000 TV & +45000 VOD. Fast and stable | IPTV SMART | 24h free IPTV trial | Watch now on any device!","og_url":"https:\/\/iptvsmart.io\/iptv-spain\/condiciones\/","og_site_name":"IPTV SMART","article_modified_time":"2022-10-03T18:10:38+00:00","og_image":[{"width":1912,"height":1364,"url":"https:\/\/iptvsmart.io\/wp-content\/uploads\/2022\/09\/iptv-smart.png","type":"image\/png"}],"twitter_card":"summary_large_image","twitter_misc":{"Tiempo de lectura":"2 minutos"},"schema":{"@context":"https:\/\/schema.org","@graph":[{"@type":"WebPage","@id":"https:\/\/iptvsmart.io\/terms-conditions\/","url":"https:\/\/iptvsmart.io\/terms-conditions\/","name":"IPTV SMART | Mejor proveedor internacional de IPTV","isPartOf":{"@id":"https:\/\/iptvsmart.io\/#website"},"datePublished":"2022-10-03T18:04:31+00:00","dateModified":"2022-10-03T18:10:38+00:00","description":"\u00a1Prueba la mejor experiencia IPTV! +20K TV &amp; +45K VOD. R\u00e1pido y estable | IPTV SMART | Mejor IPTV 2025 | Mejor Servicio IPTV Espa\u00f1a.","breadcrumb":{"@id":"https:\/\/iptvsmart.io\/terms-conditions\/#breadcrumb"},"inLanguage":"es","potentialAction":[{"@type":"ReadAction","target":["https:\/\/iptvsmart.io\/terms-conditions\/"]}]},{"@type":"BreadcrumbList","@id":"https:\/\/iptvsmart.io\/terms-conditions\/#breadcrumb","itemListElement":[{"@type":"ListItem","position":1,"name":"Home","item":"https:\/\/iptvsmart.io\/official-iptv\/"},{"@type":"ListItem","position":2,"name":"Terms &#038; Conditions"}]},{"@type":"WebSite","@id":"https:\/\/iptvsmart.io\/#website","url":"https:\/\/iptvsmart.io\/","name":"IPTV SMART","description":"Mejor proveedor internacional de IPTV","publisher":{"@id":"https:\/\/iptvsmart.io\/#organization"},"potentialAction":[{"@type":"SearchAction","target":{"@type":"EntryPoint","urlTemplate":"https:\/\/iptvsmart.io\/?s={search_term_string}"},"query-input":{"@type":"PropertyValueSpecification","valueRequired":true,"valueName":"search_term_string"}}],"inLanguage":"es"},{"@type":"Organization","@id":"https:\/\/iptvsmart.io\/#organization","name":"IPTV SMART","alternateName":"Best IPTV provider","url":"https:\/\/iptvsmart.io\/","logo":{"@type":"ImageObject","inLanguage":"es","@id":"https:\/\/iptvsmart.io\/#\/schema\/logo\/image\/","url":"https:\/\/iptvsmart.io\/wp-content\/uploads\/2022\/09\/iptv-smart.png","contentUrl":"https:\/\/iptvsmart.io\/wp-content\/uploads\/2022\/09\/iptv-smart.png","width":1912,"height":1364,"caption":"IPTV SMART"},"image":{"@id":"https:\/\/iptvsmart.io\/#\/schema\/logo\/image\/"},"description":"IPTV Smart es un proveedor l\u00edder de servicios IPTV fiables y asequibles, que ofrece acceso a m\u00e1s de 40.000 canales de TV en directo y m\u00e1s de 100.000 pel\u00edculas y programas. Nuestra plataforma ofrece streaming HD, tecnolog\u00eda AntiFreeze avanzada y compatibilidad con todos los dispositivos, incluidos televisores inteligentes, smartphones y PC. Con un tiempo de actividad del 99,9% y un servicio de atenci\u00f3n al cliente 24\/7, ofrecemos una experiencia de entretenimiento global y sin interrupciones. Elija IPTV Smart para disfrutar de planes flexibles, contenidos premium y la libertad de ver sus programas favoritos en cualquier momento y lugar.","email":"contact@iptvsmart.io","legalName":"IPTV SMART","foundingDate":"2010-08-02","numberOfEmployees":{"@type":"QuantitativeValue","minValue":"11","maxValue":"50"},"publishingPrinciples":"https:\/\/iptvsmart.io\/refund-policy\/","actionableFeedbackPolicy":"https:\/\/iptvsmart.io\/terms-conditions\/"}]}},"_links":{"self":[{"href":"https:\/\/iptvsmart.io\/iptv-spain\/wp-json\/wp\/v2\/pages\/5076","targetHints":{"allow":["GET"]}}],"collection":[{"href":"https:\/\/iptvsmart.io\/iptv-spain\/wp-json\/wp\/v2\/pages"}],"about":[{"href":"https:\/\/iptvsmart.io\/iptv-spain\/wp-json\/wp\/v2\/types\/page"}],"author":[{"embeddable":true,"href":"https:\/\/iptvsmart.io\/iptv-spain\/wp-json\/wp\/v2\/users\/1"}],"replies":[{"embeddable":true,"href":"https:\/\/iptvsmart.io\/iptv-spain\/wp-json\/wp\/v2\/comments?post=5076"}],"version-history":[{"count":0,"href":"https:\/\/iptvsmart.io\/iptv-spain\/wp-json\/wp\/v2\/pages\/5076\/revisions"}],"wp:attachment":[{"href":"https:\/\/iptvsmart.io\/iptv-spain\/wp-json\/wp\/v2\/media?parent=5076"}],"curies":[{"name":"wp","href":"https:\/\/api.w.org\/{rel}","templated":true}]}}